. Calculate f(6).
-5
Let z(s) be the third derivative of 1/2*s**3 + 0 - 8*s**2 + 0*s - 5/24*s**4. What is z(2)?
-7
Let g(b) = -b**3 + 15*b**2 - 11*b - 6. Let r be g(14). Suppose 12 = -32*n + r*n. Let p(k) = -k + 3. Determine p(n).
0
Let j(u) be the first derivative of -u**4/4 + 16*u**3/3 + 17*u**2/2 - 8*u - 163. Give j(17).
-8
Let w(c) be the first derivative of -4*c - 9 + 1/2*c**2. Determine w(3).
-1
Let h(a) = 2*a + 2. Suppose -o = -5*y + 19, 5*o = 2*y - 7*y - 5. Determine h(o).
-6
Let s(o) = -2*o**3 + 2*o**2 - 9*o + 40. Let t(a) = -a**3 + a**2 - 5*a + 22. Let r(v) = 6*s(v) - 11*t(v). Let u be -2 + 0/((-2)/2). Give r(u).
8
Let v = -137 - -133. Suppose -4*i + 5*i + 24 = 3*q, 43 = 4*q - 5*i. Let s(f) = -f**3 - 2 + q*f - 2*f + 5 - 3*f**2. What is s(v)?
-1
Let t = -12 - -15. Suppose 0 = -3*j - 2 + 23. Suppose -j - 11 = -t*i. Let b(v) = -3*v + 9. Calculate b(i).
-9
Let d(c) = c**2 - c - 38. Let m be d(7). Let i(v) = -3*v + 10. Calculate i(m).
-2
Let t(d) = -301*d - 264*d + 2*d**2 + 562*d. Let j = 0 + 2. What is t(j)?
2
Let g(w) = w**3 - 8*w**2 - 5*w - 16. Let i be g(9). Suppose 2*l + 5*a - 25 = 0, -l = 3*l + 4*a - i. Let h(c) = -c + l - 1 + 4. Give h(0).
3
Let g(v) = -6*v + 0 + 10 + 5*v. Let i be g(8). Let o(r) = -4*r**2 + 3*r**i - 1 - 7 + 7*r + 1. Determine o(5).
3
Let l(f) = -3*f - 12. Let n = 288 + -296. What is l(n)?
12
Let w(b) = b - 1. Let a(p) = 6*p - 20. Let l(m) = -a(m) + 8*w(m). Determine l(-5).
2
Suppose 20*n = 17*n + 9. Let l(u) = 15 - u**3 + 0*u**n + 5*u + 4*u**2 - 14. What is l(5)?
1
Let x(h) = 4*h + 8. Let p(w) = w + 2. Let c = 4 + -15. Let d(a) = a + 9. Let k be d(c). Let l(g) = k*x(g) + 9*p(g). Calculate l(0).
2
Let h(x) = -2*x**2 + 16*x + 4. Let f(a) = 2*a**3 - 36*a**2 + 36*a - 26. Let k be f(17). What is h(k)?
4
Let v(o) = 10*o**3 + 19*o**2 + 20*o - 1. Let y(f) = 7*f**3 + 12*f**2 + 13*f. Let n(r) = 5*v(r) - 7*y(r). What is n(-10)?
5
Suppose 0*y = -0*y + 3*y. Let j(u) = u**3 - 2*u. Determine j(y).
0
Let d(w) = -w**3 + 3*w**2 + 2. Let f(y) = -4*y**2 - 14*y - 3. Suppose -4*z = -2*z - 3*k + 12, -5*z = -4*k + 23. Let m be f(z). What is d(m)?
2
Let z(s) = s**2 - 37*s - 83. Let o be z(39). Let d(r) = 3*r**2 + 12*r - 8. What is d(o)?
7
Let s(t) = -t**2 + 6*t - 5. Let d be s(5). Let r(n) be the third derivative of 0 + 6*n**2 + d*n**3 + 1/3*n**4 + 0*n. Calculate r(-1).
-8
Let y(n) = 2*n - 2. Let s(j) = -j**2 + 6*j + 3. Let k be s(6). What is y(k)?
4
Let b = -1234 - -1229. Let m(v) be the first derivative of 0*v + 1/2*v**2 - 1. Determine m(b).
-5
Let w be 6 - -1 - (-8 + 9). Let f(g) = -g**2 + 10*g - 12. Determine f(w).
12
Let j(y) be the second derivative of y**3/3 - y**2/2 + y - 34. Let k = -2 - 1. Give j(k).
-7
Suppose -7*w - 328 = -300. Let v(z) = 16*z + 70. Give v(w).
6
Let i(n) = -n**3 - 8*n**2 - 7*n + 8. Suppose 75 = -0*o - 5*o. Let m be 6/(-2)*(3 - (-10)/o). What is i(m)?
8
Let a(h) = -h + 64 - h**3 + 4*h**2 - 66 + 0*h. Let n = -13 - -16. Let m be a(n). Let z(u) = -u**2 + 5*u - 1. Calculate z(m).
3
Let x(k) = k**3 + 8*k**2 + 4*k - 9. Let q be 2101/(-297) - 12/(-162). What is x(q)?
12
Let a(f) be the first derivative of -20 + 12*f**3 + f - f**3 - f**2 - 4*f**3 - 5*f**3. Give a(1).
5
Let m(j) be the second derivative of 0 + 1/12*j**4 + 4*j - 2/3*j**3 + 3/2*j**2. Calculate m(2).
-1
Let t(f) = 34 + 4*f - 49 + 14. Determine t(-3).
-13
Let b(p) = p**2 + p. Let r(o) = o**2 - o + 1. Let f be r(1). Let q(g) = -g - 2. Let d be q(f). What is b(d)?
6
Let v(g) = -864 + g - 861 + 1718. Give v(0).
-7
Suppose 0 = -4*g - g - h - 15, 0 = -g - h - 3. Suppose -2*x = -0*x - 4. Let a(y) = 2*y**x - y**3 - 5*y**2 + 2*y - y. What is a(g)?
-3
Let l(j) = 11*j. Suppose 3*u - 4*z + 3*z = 118, 0 = 4*u + 2*z - 164. Let v be ((-2)/5)/((-32)/u)*2. Calculate l(v).
11
Let n = 83 + -78. Let b(l) = -10 + 2*l - 50*l**2 + n*l + 49*l**2. Calculate b(8).
-18
Suppose -117 = -6*m - 87. Let w(g) = -g**3 + 4*g**2 + 7*g + 2. Give w(m).
12
Suppose m + 4*x = -18, 5*m + 2*x = -2*x - 10. Let s be 18/15*(m + 3). Let c(j) = -j**2 + 8*j - 7. Calculate c(s).
5
Let r(w) be the second derivative of -1/20*w**5 + 7/12*w**4 + 0 - 3*w**2 - w**3 - 8*w. Calculate r(6).
-6
Suppose 147 = -13*m + 251. Let n(w) = -3*w + 10. Determine n(m).
-14
Let s(k) = -k**2 + 7*k - 14. Suppose 4*h + 40 = 4*g, 3*g = h - 6 + 26. Calculate s(g).
-4
Let v(r) = 5*r + 1. Let y be v(1). Let m(b) = b**2 + 13*b - 23*b + 9*b. Let l(a) = a. Let i(u) = 6*l(u) - m(u). What is i(y)?
6
Let t(m) = m - 7. Let r be (10/6)/((-5)/(-45)). Suppose r = -3*j, -2*i + 3*j = 2 - 29. Give t(i).
-1
Let f(w) = 3*w**2 - 11*w. Let d(l) = -7*l**2 + 23*l + 1. Let q(y) = 2*d(y) + 5*f(y). Let s(g) be the first derivative of q(g). What is s(7)?
5
Let p(x) = -3*x - 3. Suppose 2*k + 5*b - 3 = 7, 0 = -5*k + 2*b - 4. Suppose 3*c + c + 8 = k. What is p(c)?
3
Let c(u) = -u - 2. Let x be c(-4). Suppose -3*o = 2*w + 16, -23 = 6*o - x*o + w. Let i(h) = h**2 + 2*h + 1. Determine i(o).
25
Let j(l) = 2*l**2 + l - 1. Suppose 0*n - 7 = -7*n. Suppose 0 = -2*w + 3*w - n. Determine j(w).
2
Suppose -5*w + 2*c - 60 - 11 = 0, 2*w - 3*c = -35. Let b be (-2)/w + (-120)/(-65). Suppose 2*x + 2 = -4*i, -b*i + 3 = 4*x - i. Let s(l) = 7*l. What is s(x)?
7
Let z(q) = -7 - 9*q - q + 5*q + q**2. Calculate z(6).
-1
Let j(u) be the second derivative of u**3/6 - 3*u**2/2 - 30*u. Determine j(8).
5
Let c(y) = -y - 15. Let g be (-177)/(-236)*(15 + 1). Give c(g).
-27
Let f(p) be the first derivative of -5*p**4/4 + p**2/2 + p + 61. Give f(-1).
5
Suppose 395 - 405 = 2*n. Let z(l) = -l**3 - 4*l**2 + 6*l + 5. Give z(n).
0
Let t(u) be the second derivative of 1/6*u**3 + 18*u + 0 - 5*u**2. Calculate t(0).
-10
Let j(z) = -z**3 - 9*z**2 - z - 4. Suppose 19*c - 20*c + 62 = 0. Let k = c + -71. What is j(k)?
5
Let h(i) = -i - 2. Let t be h(-3). Let v(s) = -2*s - 3. Let c(u) = -6*u - 8. Let y be 133/49 + (-4)/(-14). Let f(r) = y*c(r) - 8*v(r). Calculate f(t).
-2
Let c(j) = -3*j**2 - 8*j - 5. Let b(q) = 11*q**2 + 24*q + 13. Let m(s) = -2*b(s) - 7*c(s). What is m(10)?
-11
Let y(m) be the first derivative of m**4/6 - 7*m**3/6 + 2*m**2 - 25*m + 3. Let j(x) be the first derivative of y(x). Calculate j(4).
8
Suppose 3*r = o - 6, -2*r + 6*r - 2*o + 8 = 0. Let l(d) be the first derivative of 3 - 2*d + 2/3*d**3 + d**2. Calculate l(r).
2
Let q(z) be the third derivative of 1/4*z**4 + 0 + 0*z - 1/3*z**3 - 19*z**2 - 1/60*z**5. Determine q(4).
6
Let d(r) = r**2 + 5*r - 10. Suppose 3*t + 26 = 2*p, -p + 22 = 5*t - 2*t. Let q be (30/45)/((-2)/(-69)). Let w = p - q. Calculate d(w).
4
Suppose -5*u + 0*u - 2*g = 0, -3*g = 4*u. Suppose 2*c = -3*s + 11, u = 4*s - 2*c - 18 - 6. Suppose 0 = 4*o + o - s. Let y(x) = -x**2 - x + 1. Give y(o).
-1
Suppose -464*j - 4 = -462*j. Let i(f) = -f**2 + 3*f + 1. Give i(j).
-9
Let k(x) be the first derivative of -x**3/3 + 11*x**2/2 - 27*x - 403. What is k(4)?
1
Let o(b) = b**2 - b - 11. Let c(j) = -j**2 + 2*j + 12. Let d(f) = -3*c(f) - 4*o(f). Calculate d(-5).
-7
Let g(s) = -7 + 5 - s - 5. Let a be g(-5). Let z(d) = -2 + d**3 - d**2 + 0*d - d + 3. Determine z(a).
-9
Suppose n + i = -4*i + 7, -n - 3*i = -1. Let s be (18/n)/(51/136). Let d(w) = -w - 4. Give d(s).
2
Let c(v) be the second derivative of v**5/20 - 3*v**4/4 - 5*v**3/3 + 13*v**2/2 + 339*v. Give c(10).
13
Let l(g) be the third derivative of 7*g**4/12 + g**3/6 + 5*g**2. Let z be l(1). Suppose 0 = -5*a + 5 + z. Let k(s) = -3*s + 5. Calculate k(a).
-7
Let d(q) = -25*q - 2 + 24*q + 1 - 1. Let c(o) = o**2 - 2*o - 2. Let n be c(4). Let x be 0/(3/(9/n)). What is d(x)?
-2
Let k be -5 - 12/(2 - -1). Let h = -9 - k. Let p(c) = -c - 11. Calculate p(h).
-11
Let p(z) be the third derivative of 0*z**3 + 9*z**2 + 0*z + 0 - 1/120*z**5 + 1/720*z**6 + 1/24*z**4. Let v(f) be the second derivative of p(f). Calculate v(-4).
-5
Suppose 0*u + 2*w = 4*u - 18, 4*u + 5*w - 53 = 0. Let j(p) = 0*p + 0 + 3*p**2 + u*p + 6 - p**2. What is j(-4)?
10
Let y be ((-3)/6)/((-20)/200). Let f(i) = -i**2 - 3*i + 3. Give f(y).
-37
Let w(b) = -b**3 + 3*b**2 - 11*b + 8. Let i(y) = y**2 - 4*y + 3. Let l(z) = -11*i(z) + 4*w(z). Let n(f) = -f**2 - 6*f - 1. Let x be n(0). Give l(x).
4
Let k(v) = v**3 + 9*v**2 + 6*v + 3. Suppose 5*q - 17*s + 15*s = -40, -32 = 4*q + 2*s. Give k(q).
19
Let n(f) = 1 - 8*f + 10*f**2 - 5 - 14*f**2 + 5*f**2. Let z = 24 - 15. Calculate n(